?
6
What is the ten millions digit of 36187388?
3
What is the thousands digit of 11658335?
8
What is the millions digit of 34793198?
4
What is the hundred millions digit of 969336420?
9
What is the hundreds digit of 24863781?
7
What is the ten thousands digit of 55394354?
9
What is the ten millions digit of 66592668?
6
What is the hundred thousands digit of 6190019198?
0
What is the ten millions digit of 38095850?
3
What is the billions digit of 1906990267?
1
What is the ten millions digit of 295486527?
9
What is the thousands digit of 133941333?
1
What is the hundreds digit of 407198917?
9
What is the millions digit of 30805193?
0
What is the ten millions digit of 454683869?
5
What is the tens digit of 312320389?
8
What is the ten thousands digit of 624886266?
8
What is the hundred thousands digit of 5642859644?
8
What is the millions digit of 503335817?
3
What is the units digit of 297837128?
8
What is the millions digit of 36571035?
6
What is the ten millions digit of 52567482?
5
What is the units digit of 35023652?
2
What is the thousands digit of 2441040962?
0
What is the tens digit of 569583633?
3
What is the millions digit of 430383115?
0
What is the tens digit of 31787515?
1
What is the ten thousands digit of 6156637077?
3
What is the hundreds digit of 896076252?
2
What is the units digit of 165806203?
3
What is the ten millions digit of 40081148?
4
What is the hundreds digit of 2007500036?
0
What is the millions digit of 1714886031?
4
What is the hundreds digit of 374697903?
9
What is the units digit of 573094339?
9
What is the hundred millions digit of 134680155?
1
What is the hundred thousands digit of 7649961?
6
What is the ten millions digit of 960034132?
6
What is the tens digit of 992292156?
5
What is the hundred thousands digit of 1121029732?
0
What is the millions digit of 111736152?
1
What is the hundred millions digit of 347446274?
3
What is the hundreds digit of 10823975?
9
What is the tens digit of 1228376412?
1
What is the ten millions digit of 841485747?
4
What is the billions digit of 2479274595?
2
What is the units digit of 882835210?
0
What is the thousands digit of 1241218760?
8
What is the thousands digit of 250838101?
8
What is the billions digit of 1152270307?
1
What is the hundred millions digit of 516066649?
5
What is the tens digit of 89387396?
9
What is the ten millions digit of 274861082?
7
What is the tens digit of 368302786?
8
What is the thousands digit of 21253231?
3
What is the millions digit of 92881785?
2
What is the hundred millions digit of 2534636247?
5
What is the hundred millions digit of 116023365?
1
What is the hundred thousands digit of 957954?
9
What is the hundreds digit of 81361564?
5
What is the tens digit of 2800977334?
3
What is the thousands digit of 2698608505?
8
What is the thousands digit of 6629042393?
2
What is the thousands digit of 76071621?
1
What is the ten millions digit of 3077676931?
7
What is the thousands digit of 1382446384?
6
What is the hundred thousands digit of 1112888925?
8
What is the hundred thousands digit of 2073150024?
1
What is the hundred millions digit of 3375885592?
3
What is the hundreds digit of 183494256?
2
What is the hundred millions digit of 377181338?
3
What is the hundreds digit of 723785167?
1
What is the hundred thousands digit of 39527781?
5
What is the thousands digit of 25005280?
5
What is the tens digit of 266504263?
6
What is the tens digit of 33681328?
2
What is the ten thousands digit of 363907663?
0
What is the tens digit of 381840832?
3
What is the hundred thousands digit of 1186795624?
7
What is the millions digit of 552334343?
2
What is the millions digit of 6055315785?
5
What is the units digit of 86244561?
1
What is the hundred thousands digit of 1278832229?
8
What is the hundred thousands digit of 206063846?
0
What is the thousands digit of 37279475?
9
What is the hundreds digit of 9050504851?
8
What is the ten millions digit of 371677820?
7
What is the tens digit of 65896700?
0
What is the tens digit of 9755359?
5
What is the units digit of 53422753?
3
What is the billions digit of 6629287529?
6
What is the hundred millions digit of 105648578?
1
What is the thousands digit of 128183750?
3
What is the billions digit of 1512504038?
1
What is the hundred thousands digit of 88249640?
2
What is the ten thousands digit of 418625351?
2
What is the millions digit of 3632302038?
2
What is the ten thousands digit of 1123062112?
6
What is the hundred thousands digit of 6459192?
4
What is the thousands digit of 285336188?
6
What is the billions digit of 1512670990?
1
What is the thousands digit of 976280379?
0
What is the ten millions digit of 14501902?
1
What is the hundred thousands digit of 201876083?
8
What is the tens digit of 742438112?
1
What is the millions digit of 127640917?
7
What is the ten millions digit of 371593252?
7
What is the hundred millions digit of 8897555610?
8
What is the ten millions digit of 91268429?
9
What is the tens digit of 821193405?
0
What is the ten thousands digit of 74592725?
9
What is the tens digit of 278662749?
4
What is the hundreds digit of 677428104?
1
What is the ten millions digit of 3754545154?
5
What is the hundred thousands digit of 363573865?
5
What is the ten millions digit of 1045426702?
4
What is the tens digit of 763427987?
8
What is the hundred thousands digit of 815631413?
6
What is the ten thousands digit of 1348979?
4
What is the thousands digit of 158870497?
0
What is the hundreds digit of 48849018?
0
What is the billions digit of 1495595159?
1
What is the units digit of 16576004?
4
What is the millions digit of 8528617741?
8
What is the hundred thousands digit of 1234665848?
6
What is the thousands digit of 96626698?
6
What is the units digit of 235232224?
4
What is the tens digit of 22113096?
9
What is the hundred millions digit of 556538863?
5
What is the hundreds digit of 34794944?
9
What is the billions digit of 6994829951?
6
What is the tens digit of 814520298?
9
What is the thousands digit of 1407053965?
3
What is the ten thousands digit of 11692408?
9
What is the units digit of 812579488?
8
What is the ten thousands digit of 3268461061?
6
What is the ten millions digit of 665428526?
6
What is the ten millions digit of 2433115220?
3
What is the units digit of 451336838?
8
What is the tens digit of 130686408?
0
What is the ten thousands digit of 53584722?
8
What is the thousands digit of 129037795?
7
What is the tens digit of 920827149?
4
What is the hundred thousands digit of 66596370?
5
What is the thousands digit of 133225724?
5
What is the millions digit of 29090018?
9
What is the hundred thousands digit of 97851961?
8
What is the ten thousands digit of 23997643?
9
What is the billions digit of 7195598975?
7
What is the hundreds digit of 1244341?
3
What is the units digit of 447606930?
0
What is the millions digit of 178661293?
8
What is the units digit of 242485491?
1
What is the units digit of 126655622?
2
What is the hundreds digit of 112254324?
3
What is the ten thousands digit of 36330368?
3
What is the thousands digit of 211952434?
2
What is the millions digit of 1551045349?
1
What is the thousands digit of 5103058073?
8
What is the millions digit of 5392262820?
2
What is the ten millions digit of 3560363195?
6
What is the tens digit of 82487706?
0
What is the units digit of 2746168143?
3
What is the ten thousands digit of 35594817?
9
What is the units digit of 593588877?
7
What is the millions digit of 452032724?
2
What is the units digit of 585606375?
5
What is the tens digit of 29024320?
2
What is the millions digit of 9196929073?
6
What is the tens digit of 146690748?
4
What is the units digit of 40417777?
7
What is the units digit of 822412274?
4
What is the tens digit of 146552266?
6
What is the thousands digit of 39125638?
5
What is the billions digit of 1184633312?
1
What is the millions digit of 532955365?
2
What is the thousands digit of 252234117?
4
What is the units digit of 110838930?
0
What is the hundred thousands digit of 111230402?
2
What is the units digit of 102596513?
3
What is the tens digit of 3872104018?
1
What is the millions digit of 14411121?
4
What is the hundreds digit of 196364892?
8
What is the ten thousands digit of 62794378?
9
What is the